l?
15
Let o = 375 + -374. What is the highest common divisor of 13 and o?
1
Let d = 301 + -221. What is the highest common factor of 5 and d?
5
Let p be 5*(-1 - (-6)/2). Suppose -3*m + p = 1. Let h be -2*m - -4 - -34. What is the highest common factor of 96 and h?
32
Suppose 35*j = 30*j + 115. Suppose 2*n - 173 - 45 = -4*y, 5*y = n - 130. What is the greatest common factor of n and j?
23
Let v(q) = -q**3 + 2*q**2 - 4*q + 272. Let s be v(0). What is the highest common factor of 204 and s?
68
Suppose -64 = -6*o + 2*o. Suppose o*z = 11*z + 30. Suppose 3*u - 156 = -12. What is the highest common divisor of z and u?
6
Let f = 87 - 59. What is the highest common factor of f and 154?
14
Let c be -1*(1 + (1 - -2)). Let f = -1 - c. Suppose -r - 46 + 39 = -2*w, r = 3*w - 10. What is the highest common divisor of w and f?
3
Let c(w) = -w**3 + 5*w**2 + 16*w - 20. Let o be c(6). Let i be 2 - (2 - 0) - -16. What is the highest common factor of i and o?
8
Let u be 4/(-8) + 5/2. Suppose -u*n + 3*i = -7, 2*i = n + n - 4. Let y be 28*n*(-11 - -5). Calculate the highest common divisor of 21 and y.
21
Suppose -468 = -5*d + 2457. What is the greatest common divisor of 45 and d?
45
Suppose 0 = -4*d - 40 + 68. Suppose d*m - 3*m = -20, -3*b + 150 = 3*m. What is the greatest common divisor of b and 605?
55
Let u(r) = r**3 - 4*r**2 - 6*r + 54. Let s be u(6). Calculate the highest common factor of 150 and s.
30
Suppose -3*u = 2*x - 19, 0 = 5*u + 24*x - 22*x - 33. Suppose 4*z + 2*q = 60, -3*q + 8*q - 52 = -3*z. Calculate the highest common factor of u and z.
7
Let o = -496 - -499. What is the greatest common factor of o and 60?
3
Suppose 0 = 2*y - 7*y. Let x = -8 - y. Let n be 16/6*(-330)/x. What is the greatest common divisor of 10 and n?
10
Let s be ((-6)/9 - -1)*6. Suppose s*v + 4*g + 12 = 0, g + 3 = -4*v + 14. Let y be (55 + (v - 3))/2. What is the highest common factor of y and 14?
14
Suppose z + 0*z - 7 = q, q = -z + 7. Suppose 0 = 3*j + 10 + 2. Let s(n) = -5*n - 6. Let i be s(j). What is the greatest common factor of i and z?
7
Suppose 0 = 3*o - 2*l + 40, -3*o - 23 = 3*l - 8. Let a = 29 + o. Calculate the greatest common factor of 152 and a.
19
Let c be 36/(-18) - (-4)/(0 - -2). Let z be (3/2)/((-2)/(-4)). Suppose -z*r - r + 104 = c. What is the greatest common divisor of 65 and r?
13
Suppose 75*y - 27*y - 816 = 0. Suppose -c + 340 = 4*c. Calculate the highest common factor of c and y.
17
Let l = -474 + 478. What is the greatest common factor of 172 and l?
4
Let v = 27 - 20. Let l be (v/(-14))/((-1)/34). What is the highest common factor of l and 85?
17
Let b = -138 - -188. What is the highest common divisor of 30 and b?
10
Let y be (13 - 4)/(-3) + -12 + -1. Let g(s) = -s**2 - 19*s + 32. Let v be g(y). Calculate the greatest common factor of v and 8.
8
Let h be 348/9 + 2/(-3). Let k = -23 + h. Let q(b) = 10*b**2 - 2*b - 6. Let p be q(-3). Calculate the greatest common divisor of p and k.
15
Let t(a) be the second derivative of -a**4/12 + 5*a**2 - 3*a. Let i be t(0). Let h be (-37 - -36) + 114 + -3. Calculate the highest common divisor of i and h.
10
Suppose y + 2*i + 1 = 0, 3*i + 23 = -5*y - i. Let c(g) be the first derivative of -g**2/2 - g + 2. Let r be c(y). What is the highest common factor of r and 48?
6
Let z = -325 - -336. Let q(m) = -m**3 - 4*m**2 - 3*m - 7. Suppose -2*t + 25 = -7*t. Let c be q(t). What is the highest common divisor of c and z?
11
Let j(b) = 5*b + 2 - 8 - 4 - 3*b. Let n be j(6). What is the highest common factor of n and 1?
1
Suppose 148*m = 141*m + 4312. What is the greatest common factor of 176 and m?
88
Suppose 0 = -2*n - 5*j + 115 + 118, -n + 94 = -2*j. What is the highest common factor of n and 91?
13
Let v = 862 - 389. Suppose 0 = -f - 2*u + 218, 3*f + 3*u = 190 + v. Calculate the greatest common factor of 28 and f.
28
Suppose 7*o + 148 = 12*o - s, 157 = 5*o - 4*s. Calculate the highest common factor of 783 and o.
29
Let z be (-39284)/(-437) + 2/19. What is the greatest common factor of 135 and z?
45
Suppose 129 - 844 = -13*f. Calculate the greatest common factor of f and 65.
5
Suppose -48*m = -8*m - 3200. Suppose -5*t + 17 + 63 = 0. What is the highest common factor of m and t?
16
Let y be (-3 - -4)*0 + 11 + 0. Suppose -y*i + 9*i + 8 = 0. What is the greatest common factor of i and 32?
4
Let g be 1*(-10)/(-55) - (-1822)/22. Calculate the greatest common divisor of 83 and g.
83
Let k = 137 - 53. Let t = k + -45. Calculate the greatest common factor of t and 78.
39
Let l(x) = -33*x - 346. Let h be l(-26). Calculate the greatest common factor of h and 24.
8
Let s = 17 + -28. Let y be (-1)/(0 + 1) + (-3 - 1). Let i = y - s. What is the greatest common factor of i and 18?
6
Let h(g) = 64*g - 37. Let v be h(2). Let y be 76/6 + (-2)/(-6). Calculate the highest common factor of v and y.
13
Let u(q) = 41*q**2 - 25*q - 25. Let h be u(-1). Calculate the highest common divisor of 1271 and h.
41
Let a be ((-2)/4)/(12/(-1104)). Calculate the greatest common factor of a and 851.
23
Let r = -47 - -71. Let p = 30 - r. Suppose d = -0*d - 5*q + 4, 5*d - 40 = -5*q. What is the highest common factor of p and d?
3
Suppose 832 = -0*h + h. Let s be 2/7 - h/(-28). Let z be (-27)/(-5) - 6/(-10). What is the greatest common divisor of s and z?
6
Let z(c) = c + 7. Let w be z(-4). Suppose 1 - 6 = -5*t - w*q, -3*t - 4*q = -3. What is the highest common factor of t and 3?
1
Let r be ((-4)/(-2))/(1001/66 - 15). Suppose 3*j = -2*j - 20. Let w be 193/2 - (-2)/j. Calculate the greatest common factor of r and w.
12
Let z be (-1 - 2)*(-1 + -4). Suppose 0 = -14*c + 59 + 25. What is the highest common divisor of c and z?
3
Suppose 71*i = -21*i + 7176. Let t = 12 - 6. Calculate the highest common factor of t and i.
6
Suppose 0 = 2*y - 2*q - 14, y + q + 4*q = 31. Suppose 10*p = y*p - 4. What is the greatest common factor of p and 1?
1
Suppose 4*g - 94 - 26 = 0. Let q(u) = -19*u - 639. Let d be q(-36). Calculate the greatest common divisor of d and g.
15
Suppose -8*y + 62 + 82 = 0. Let h = 38 - y. What is the greatest common factor of h and 30?
10
Let k be (64/(-14))/4 - 1269/(-63). Suppose 0*x = x - 133. What is the greatest common divisor of k and x?
19
Suppose -679*m + 671*m = -18840. Calculate the greatest common factor of 15 and m.
15
Let g = 201 - 75. What is the greatest common factor of g and 70?
14
Let g(u) = 16*u + 6. Let f be g(6). Suppose -2*v + f = -v. What is the highest common factor of v and 34?
34
Let t = -16 - -22. Let y be (-28)/(-6) + (-2)/3. What is the highest common factor of y and t?
2
Let o = 65 - 46. Let l = -6 - -4. Let p be (-133)/(0 - (l + 3)). Calculate the highest common divisor of o and p.
19
Let i be (10/(-2) - -2)*-1. Suppose -35 = -4*d - i*d. Suppose -3*k - 2*k + 72 = y, -y = -d*k - 72. What is the highest common factor of 9 and y?
9
Suppose 15*d - 104*d = -15219. Calculate the greatest common divisor of 18 and d.
9
Suppose -3*u = 2 - 8. Suppose u*s = -4*s + 120. Calculate the highest common factor of 30 and s.
10
Suppose -o = -x + 2*o + 169, 0 = -5*x - 5*o + 845. Let q = 334 - x. Suppose 4*t + 0 = 4*b - 52, -43 = -3*b + t. Calculate the greatest common factor of q and b.
15
Let a be ((-70)/(-40))/(3/228). Calculate the greatest common divisor of a and 57.
19
Let z be (-4)/(-12) - 153/(-27). Calculate the greatest common divisor of z and 9.
3
Suppose 4*c - 6*c + 2*d + 258 = 0, c = -5*d + 105. Calculate the greatest common factor of 5 and c.
5
Let l be 8 + 1225 - 2*-4. Calculate the highest common divisor of l and 17.
17
Let x be 1/(-3) - (-115)/3. Suppose -279 + 260 = -h. Calculate the greatest common divisor of x and h.
19
Let z be -1*(-6 + 0 + 1 - 745). What is the highest common divisor of 15 and z?
15
Let h = 40 - 73. Let y be 1925/(-55) + 5/1. Let b = y - h. What is the highest common divisor of 3 and b?
3
Let c = -9 - -12. Suppose -o + 90 = -v - c*o, 3*o = v + 65. Let t be v/12*(-7 - -1). What is the highest common factor of t and 8?
8
Let z = 731 - -51. What is the greatest common divisor of 92 and z?
46
Let w(o) = 2*o**2 - 12*o + 7. Let q be w(5). Suppose 3*t - 4*t = -10. Let h = t + q. Calculate the greatest common divisor of 49 and h.
7
Let o = -31 + 25. Let u be 5*(o/14 - 50/(-35)). Calculate the highest common factor of u 